te number?
True
Is 9069 composite?
True
Is 85001 a prime number?
False
Is 61949 prime?
True
Is 1049255 prime?
False
Is 8223 prime?
False
Is 2237 prime?
True
Is 750379 prime?
False
Is 54667 prime?
True
Is 3891 composite?
True
Is 52157 composite?
True
Is 16979 a composite number?
False
Is 50269 prime?
False
Is 34223 prime?
False
Is 9611 composite?
True
Is 305659 prime?
False
Is 5837 a composite number?
True
Is 18923 a composite number?
True
Is 2935 prime?
False
Is 181411 prime?
False
Is 109 a composite number?
False
Is 96959 composite?
False
Is 23341 composite?
True
Is 635 a prime number?
False
Is 420437 composite?
True
Is 240433 composite?
False
Is 3943 a composite number?
False
Is 2424547 a composite number?
False
Is 168931 a prime number?
False
Is 113717 prime?
True
Is 15901 a prime number?
True
Is 11089 a prime number?
False
Is 64957 a composite number?
True
Is 296207 a composite number?
True
Is 14983 a prime number?
True
Is 480094 prime?
False
Is 8057 a composite number?
True
Is 1114 prime?
False
Is 319 prime?
False
Is 97939 a composite number?
True
Is 126653 prime?
True
Is 35755 a prime number?
False
Is 63947 a composite number?
True
Is 153617 a composite number?
True
Is 185413 composite?
True
Is 173137 composite?
False
Is 78779 prime?
True
Is 23501 prime?
False
Is 30273 composite?
True
Is 341338 prime?
False
Is 2707 a prime number?
True
Is 55373 composite?
False
Is 57503 a prime number?
True
Is 86847 a prime number?
False
Is 42611 composite?
False
Is 1584779 a composite number?
True
Is 5001 a composite number?
True
Is 76451 a prime number?
False
Is 39551 composite?
False
Is 5147 a composite number?
False
Is 21971 a composite number?
True
Is 242543 prime?
False
Is 9077 composite?
True
Is 10937 composite?
False
Is 5069 a composite number?
True
Is 11483 a prime number?
True
Is 1255 prime?
False
Is 3491 a composite number?
False
Is 164719 composite?
True
Is 2323 a composite number?
True
Is 1498921 prime?
True
Is 7041 a composite number?
True
Is 834433 a composite number?
False
Is 8817 prime?
False
Is 943867 composite?
True
Is 17159 prime?
True
Is 10559 a prime number?
True
Is 46193 composite?
True
Is 634 a prime number?
False
Is 3009309 composite?
True
Is 59879 a prime number?
True
Is 16811 a composite number?
False
Is 13859 composite?
False
Is 336711 a prime number?
False
Is 48259 a prime number?
True
Is 6211 a prime number?
True
Is 384133 a prime number?
True
Is 314387 composite?
True
Is 899 composite?
True
Is 281921 a prime number?
True
Is 225601 a prime number?
True
Is 350329 prime?
False
Is 667 a composite number?
True
Is 247067 a composite number?
False
Is 190699 a composite number?
False
Is 7001 prime?
True
Is 298919 a composite number?
True
Is 50761 composite?
True
Is 31173 a prime number?
False
Is 1823 a prime number?
True
Is 20327 composite?
False
Is 6247 a prime number?
True
Is 162655 prime?
False
Is 3413 composite?
False
Is 26237 prime?
True
Is 319 a prime number?
False
Is 2401585 a composite number?
True
Is 49947 prime?
False
Is 11303 prime?
False
Is 28537 a prime number?
True
Is 88285 a prime number?
False
Is 11399 prime?
True
Is 3817 prime?
False
Is 967 prime?
True
Is 173177 a prime number?
True
Is 97809 composite?
True
Is 248889 composite?
True
Is 424639 composite?
False
Is 1706897 a composite number?
False
Is 34403 a composite number?
False
Is 80273 prime?
True
Is 40181 composite?
True
Is 73819 a prime number?
True
Is 6905 composite?
True
Is 132477 a prime number?
False
Is 2371 composite?
False
Is 30959 prime?
False
Is 303173 composite?
True
Is 12607 composite?
True
Is 16603 a composite number?
False
Is 28383 prime?
False
Is 1640777 composite?
True
Is 18859 a composite number?
False
Is 2064031 a prime number?
True
Is 7817 composite?
False
Is 134494 composite?
True
Is 46489 a prime number?
True
Is 541 a composite number?
False
Is 35345 a composite number?
True
Is 35873 composite?
True
Is 3877 a prime number?
True
Is 60493 prime?
True
Is 49309 composite?
True
Is 26737 a composite number?
False
Is 3986 a composite number?
True
Is 1484563 a composite number?
False
Is 3967 a composite number?
False
Is 125461 a composite number?
True
Is 23513 a prime number?
False
Is 33407 a prime number?
False
Is 199181 prime?
True
Is 75869 composite?
False
Is 487 a prime number?
True
Is 71986 composite?
True
Is 46337 prime?
True
Is 89513 composite?
False
Is 537 a prime number?
False
Is 36433 a prime number?
True
Is 10977 composite?
True
Is 126467 composite?
True
Is 1319107 prime?
True
Is 99971 a prime number?
True
Is 148477 a composite number?
True
Is 4327 a composite number?
False
Is 3813289 prime?
True
Is 41911 a composite number?
False
Is 8861 composite?
False
Is 711209 a prime number?
True
Is 63269 a prime number?
False
Is 7817 a prime number?
True
Is 1046863 a composite number?
False
Is 704647 a prime number?
True
Is 222071 prime?
False
Is 16183 a composite number?
False
Is 70558 a prime number?
False
Is 676573 a composite number?
False
Is 262007 composite?
False
Is 7003 composite?
True
Is 701 a composite number?
False
Is 5293 composite?
True
Is 11558 a prime number?
False
Is 5227 a prime number?
True
Is 2971 a composite number?
False
Is 17905 a composite number?
True
Is 24257 a prime number?
False
Is 4487 a composite number?
True
Is 183119 prime?
True
Is 23803 composite?
True
Is 66223 a prime number?
False
Is 23234 a composite number?
True
Is 6197 composite?
False
Is 21143 prime?
True
Is 44435 a composite number?
True
Is 225086 composite?
True
Is 64661 a composite number?
False
Is 48883 prime?
True
Is 1805867 composite?
True
Is 293 composite?
False
Is 1111247 a composite number?
False
Is 94747 a prime number?
True
Is 3973 a composite number?
True
Is 41279 a composite number?
True
Is 140863 a prime number?
True
Is 3207 a prime number?
False
Is 1304129 a prime number?
True
Is 4741 a prime number?
False
Is 40009 a composite number?
False
Is 65507 composite?
True
Is 2004421 a composite number?
False
Is 1267043 a prime number?
True
Is 137461 composite?
True
Is 3203 a composite number?
False
Is 1123 a prime number?
True
Is 12335 a prime number?
False
Is 403483 a composite number?
False
Is 9235 prime?
False
Is 46133 composite?
False
Is 222749 prime?
False
Is 16909 prime?
False
Is 9017 a prime number?
False
Is 39505 composite?
True
Is 391 composite?
True
Is 102347 prime?
False
Is 343981 composite?
True
Is 5366 prime?
False
Is 1872743 composite?
False
Is 200087 prime?
True
Is 142145 a prime number?
False
Is 87931 a prime number?
True
Is 26498 prime?
False
Is 38543 composite?
False
Is 120641 prime?
True
Is 147919 composite?
False
Is 741373 prime?
True
Is 163061 composite?
False
Is 7393 a composite number?
False
Is 54109 prime?
False
Is 541 composite?
False
Is 71419 prime?
True
Is 5779 composite?
False
Is 241381 prime?
False
Is 43063 composite?
False
Is 98773 prime?
True
Is 6947 a composite number?
False
Is 249287 composite?
False
Is 580565 a prime number?
False
Is 12359 a composite number?
True
Is 756403 a composite number?
False
Is 1753733 composite?
False
Is 336899 composite?
False
Is 1436513 composite?
True
Is 2742521 composite?
False
Is 2333 a prime number?
True
Is 7171 a prime number?
False
Is 2291 a prime number?
False
Is 87853 prime?
True
Is 37939 a composite number?
True
Is 1733 a prime number?
True
Is 235085 a composite number?
True
Is 25967 prime?
False
Is 1301359 composite?
True
Is 22531 a prime number?
True
Is 11371 prime?
False
Is 341833 composite?
True
Is 198974 prime?
False
Is 1100581 prime?
True
Is 3893 a prime number?
False
Is 50359 prime?
True
Is 75605 composite?
True
Is 12023 a composite number?
True
Is 44291 a prime number?
False
Is 152246 composite?
True
Is 65777 a composite number?
False
Is 1450601 composite?
True
Is 4117 a prime number?
False
Is 410579 prime?
False
Is 17741 a prime number?
False
Is 730537 a prime number?
True
Is 1229 a prime number?
True
Is 445427 a composite number?
False
Is 428731 a prime number?
True
Is 284507 composite?
False
Is 9953 prime?
False
Is 208111 a prime number?
True
Is 821 composite?
False
Is 4476463 a composite number?
False
Is 495943 prime?
False
Is 15221 a prime number?
False
Is 1558685 composite?
True
Is 1489647 a prime number?
False
Is 2107909 a prime number?
True
Is 35023 prime?
True
I